{"id":2,"date":"2017-04-18T13:43:38","date_gmt":"2017-04-18T13:43:38","guid":{"rendered":"http:\/\/globalaktos.com\/?page_id=2"},"modified":"2024-12-11T15:26:02","modified_gmt":"2024-12-11T15:26:02","slug":"sample-page","status":"publish","type":"page","link":"https:\/\/globalaktos.com\/","title":{"rendered":"P\u00e1gina inicio"},"content":{"rendered":"<div class=\"wpb-content-wrapper\"><p>[vc_row][vc_column][vc_column_text]<\/p>\n<h1 style=\"text-align: center;\">Global Aktos<\/h1>\n<h6 style=\"text-align: center;\">Producci\u00f3n &amp; Entertainment<\/h6>\n<p>Global Aktos es una empresa espa\u00f1ola con sede en Madrid, que desde 1992 lleva prestando servicios de entretenimiento infantil y soluciones audiovisuales para todo tipo de empresas.<\/p>\n<p>&nbsp;<\/p>\n<p>En nuestro ADN est\u00e1 la continua b\u00fasqueda de novedades en el sector, habiendo sido pioneros en Espa\u00f1a en el lanzamiento de diversos productos de \u00e9xito como Audiovisualshow, Minimecar y Diverticroma.<\/p>\n<p>&nbsp;<\/p>\n<p>Nuestro reto diario es la b\u00fasqueda continua de la excelencia, tanto en el producto que ofrecemos como en el servicio prestado.<\/p>\n<p>&nbsp;<\/p>\n<p>Contamos con un equipo humano especializado y en continua formaci\u00f3n, que nos permiten cubrir cualquier tipo de necesidad.[\/vc_column_text][\/vc_column][\/vc_row][vc_row content_placement=\u00bbmiddle\u00bb][vc_column][vc_tta_pageable][vc_tta_section title=\u00bbSecci\u00f3n 1&#8243; tab_id=\u00bb1731925954037-1c88b73c-54f2&#8243;][vc_images_carousel images=\u00bb509,508,507,443,442,441,440,438,435,434,433,430,429,428,427,426,425,423,421,422,418,417,416&#8243; img_size=\u00bbmedium\u00bb hide_pagination_control=\u00bbyes\u00bb title=\u00bbConf\u00edan en Nosotros\u00bb][\/vc_tta_section][vc_tta_section title=\u00bbSecci\u00f3n 2&#8243; tab_id=\u00bb1731925954038-ae2d22b3-d435&#8243;][\/vc_tta_section][\/vc_tta_pageable][\/vc_column][\/vc_row]<\/p>\n<\/div>","protected":false},"excerpt":{"rendered":"<p>[vc_row][vc_column][vc_column_text] Global Aktos Producci\u00f3n &amp; Entertainment Global Aktos es una empresa espa\u00f1ola con sede en Madrid, que desde 1992 lleva prestando servicios de entretenimiento infantil y soluciones audiovisuales para todo tipo de empresas. &nbsp; En nuestro ADN est\u00e1 la continua b\u00fasqueda de novedades en el sector, habiendo sido pioneros en Espa\u00f1a en el lanzamiento de<\/p>\n","protected":false},"author":1,"featured_media":0,"parent":0,"menu_order":0,"comment_status":"closed","ping_status":"open","template":"","meta":{"_monsterinsights_skip_tracking":false,"_monsterinsights_sitenote_active":false,"_monsterinsights_sitenote_note":"","_monsterinsights_sitenote_category":0,"footnotes":""},"class_list":["post-2","page","type-page","status-publish","hentry"],"yoast_head":"<!-- This site is optimized with the Yoast SEO plugin v24.9 - https:\/\/yoast.com\/wordpress\/plugins\/seo\/ -->\n<title>Servicios de entretenimiento y soluciones audiovisuales - Global Aktos<\/title>\n<meta name=\"description\" content=\"Servicios de entretenimiento infantil y soluciones audiovisuales para todo tipo de empresas. Nuestro reto diario es la b\u00fasqueda continua de la excelencia.\" \/>\n<meta name=\"robots\" content=\"index, follow, max-snippet:-1, max-image-preview:large, max-video-preview:-1\" \/>\n<link rel=\"canonical\" href=\"https:\/\/globalaktos.com\/\" \/>\n<meta property=\"og:locale\" content=\"es_ES\" \/>\n<meta property=\"og:type\" content=\"article\" \/>\n<meta property=\"og:title\" content=\"Servicios de entretenimiento y soluciones audiovisuales - Global Aktos\" \/>\n<meta property=\"og:description\" content=\"Servicios de entretenimiento infantil y soluciones audiovisuales para todo tipo de empresas. Nuestro reto diario es la b\u00fasqueda continua de la excelencia.\" \/>\n<meta property=\"og:url\" content=\"https:\/\/globalaktos.com\/\" \/>\n<meta property=\"og:site_name\" content=\"Global Aktos\" \/>\n<meta property=\"article:modified_time\" content=\"2024-12-11T15:26:02+00:00\" \/>\n<meta name=\"twitter:card\" content=\"summary_large_image\" \/>\n<meta name=\"twitter:label1\" content=\"Tiempo de lectura\" \/>\n\t<meta name=\"twitter:data1\" content=\"1 minuto\" \/>\n<script type=\"application\/ld+json\" class=\"yoast-schema-graph\">{\"@context\":\"https:\/\/schema.org\",\"@graph\":[{\"@type\":\"WebPage\",\"@id\":\"https:\/\/globalaktos.com\/\",\"url\":\"https:\/\/globalaktos.com\/\",\"name\":\"Servicios de entretenimiento y soluciones audiovisuales - Global Aktos\",\"isPartOf\":{\"@id\":\"https:\/\/globalaktos.com\/#website\"},\"datePublished\":\"2017-04-18T13:43:38+00:00\",\"dateModified\":\"2024-12-11T15:26:02+00:00\",\"description\":\"Servicios de entretenimiento infantil y soluciones audiovisuales para todo tipo de empresas. Nuestro reto diario es la b\u00fasqueda continua de la excelencia.\",\"breadcrumb\":{\"@id\":\"https:\/\/globalaktos.com\/#breadcrumb\"},\"inLanguage\":\"es\",\"potentialAction\":[{\"@type\":\"ReadAction\",\"target\":[\"https:\/\/globalaktos.com\/\"]}]},{\"@type\":\"BreadcrumbList\",\"@id\":\"https:\/\/globalaktos.com\/#breadcrumb\",\"itemListElement\":[{\"@type\":\"ListItem\",\"position\":1,\"name\":\"Portada\",\"item\":\"https:\/\/globalaktos.com\/\"},{\"@type\":\"ListItem\",\"position\":2,\"name\":\"P\u00e1gina inicio\"}]},{\"@type\":\"WebSite\",\"@id\":\"https:\/\/globalaktos.com\/#website\",\"url\":\"https:\/\/globalaktos.com\/\",\"name\":\"Global Aktos\",\"description\":\"Global Aktos\",\"publisher\":{\"@id\":\"https:\/\/globalaktos.com\/#organization\"},\"potentialAction\":[{\"@type\":\"SearchAction\",\"target\":{\"@type\":\"EntryPoint\",\"urlTemplate\":\"https:\/\/globalaktos.com\/?s={search_term_string}\"},\"query-input\":{\"@type\":\"PropertyValueSpecification\",\"valueRequired\":true,\"valueName\":\"search_term_string\"}}],\"inLanguage\":\"es\"},{\"@type\":\"Organization\",\"@id\":\"https:\/\/globalaktos.com\/#organization\",\"name\":\"Global Aktos\",\"url\":\"https:\/\/globalaktos.com\/\",\"logo\":{\"@type\":\"ImageObject\",\"inLanguage\":\"es\",\"@id\":\"https:\/\/globalaktos.com\/#\/schema\/logo\/image\/\",\"url\":\"https:\/\/globalaktos.com\/wp-content\/uploads\/2017\/04\/cropped-Logo-sin-fondo.png\",\"contentUrl\":\"https:\/\/globalaktos.com\/wp-content\/uploads\/2017\/04\/cropped-Logo-sin-fondo.png\",\"width\":512,\"height\":512,\"caption\":\"Global Aktos\"},\"image\":{\"@id\":\"https:\/\/globalaktos.com\/#\/schema\/logo\/image\/\"}}]}<\/script>\n<!-- \/ Yoast SEO plugin. -->","yoast_head_json":{"title":"Servicios de entretenimiento y soluciones audiovisuales - Global Aktos","description":"Servicios de entretenimiento infantil y soluciones audiovisuales para todo tipo de empresas. Nuestro reto diario es la b\u00fasqueda continua de la excelencia.","robots":{"index":"index","follow":"follow","max-snippet":"max-snippet:-1","max-image-preview":"max-image-preview:large","max-video-preview":"max-video-preview:-1"},"canonical":"https:\/\/globalaktos.com\/","og_locale":"es_ES","og_type":"article","og_title":"Servicios de entretenimiento y soluciones audiovisuales - Global Aktos","og_description":"Servicios de entretenimiento infantil y soluciones audiovisuales para todo tipo de empresas. Nuestro reto diario es la b\u00fasqueda continua de la excelencia.","og_url":"https:\/\/globalaktos.com\/","og_site_name":"Global Aktos","article_modified_time":"2024-12-11T15:26:02+00:00","twitter_card":"summary_large_image","twitter_misc":{"Tiempo de lectura":"1 minuto"},"schema":{"@context":"https:\/\/schema.org","@graph":[{"@type":"WebPage","@id":"https:\/\/globalaktos.com\/","url":"https:\/\/globalaktos.com\/","name":"Servicios de entretenimiento y soluciones audiovisuales - Global Aktos","isPartOf":{"@id":"https:\/\/globalaktos.com\/#website"},"datePublished":"2017-04-18T13:43:38+00:00","dateModified":"2024-12-11T15:26:02+00:00","description":"Servicios de entretenimiento infantil y soluciones audiovisuales para todo tipo de empresas. Nuestro reto diario es la b\u00fasqueda continua de la excelencia.","breadcrumb":{"@id":"https:\/\/globalaktos.com\/#breadcrumb"},"inLanguage":"es","potentialAction":[{"@type":"ReadAction","target":["https:\/\/globalaktos.com\/"]}]},{"@type":"BreadcrumbList","@id":"https:\/\/globalaktos.com\/#breadcrumb","itemListElement":[{"@type":"ListItem","position":1,"name":"Portada","item":"https:\/\/globalaktos.com\/"},{"@type":"ListItem","position":2,"name":"P\u00e1gina inicio"}]},{"@type":"WebSite","@id":"https:\/\/globalaktos.com\/#website","url":"https:\/\/globalaktos.com\/","name":"Global Aktos","description":"Global Aktos","publisher":{"@id":"https:\/\/globalaktos.com\/#organization"},"potentialAction":[{"@type":"SearchAction","target":{"@type":"EntryPoint","urlTemplate":"https:\/\/globalaktos.com\/?s={search_term_string}"},"query-input":{"@type":"PropertyValueSpecification","valueRequired":true,"valueName":"search_term_string"}}],"inLanguage":"es"},{"@type":"Organization","@id":"https:\/\/globalaktos.com\/#organization","name":"Global Aktos","url":"https:\/\/globalaktos.com\/","logo":{"@type":"ImageObject","inLanguage":"es","@id":"https:\/\/globalaktos.com\/#\/schema\/logo\/image\/","url":"https:\/\/globalaktos.com\/wp-content\/uploads\/2017\/04\/cropped-Logo-sin-fondo.png","contentUrl":"https:\/\/globalaktos.com\/wp-content\/uploads\/2017\/04\/cropped-Logo-sin-fondo.png","width":512,"height":512,"caption":"Global Aktos"},"image":{"@id":"https:\/\/globalaktos.com\/#\/schema\/logo\/image\/"}}]}},"_links":{"self":[{"href":"https:\/\/globalaktos.com\/index.php\/wp-json\/wp\/v2\/pages\/2","targetHints":{"allow":["GET"]}}],"collection":[{"href":"https:\/\/globalaktos.com\/index.php\/wp-json\/wp\/v2\/pages"}],"about":[{"href":"https:\/\/globalaktos.com\/index.php\/wp-json\/wp\/v2\/types\/page"}],"author":[{"embeddable":true,"href":"https:\/\/globalaktos.com\/index.php\/wp-json\/wp\/v2\/users\/1"}],"replies":[{"embeddable":true,"href":"https:\/\/globalaktos.com\/index.php\/wp-json\/wp\/v2\/comments?post=2"}],"version-history":[{"count":21,"href":"https:\/\/globalaktos.com\/index.php\/wp-json\/wp\/v2\/pages\/2\/revisions"}],"predecessor-version":[{"id":586,"href":"https:\/\/globalaktos.com\/index.php\/wp-json\/wp\/v2\/pages\/2\/revisions\/586"}],"wp:attachment":[{"href":"https:\/\/globalaktos.com\/index.php\/wp-json\/wp\/v2\/media?parent=2"}],"curies":[{"name":"wp","href":"https:\/\/api.w.org\/{rel}","templated":true}]}}